hat is the remainder when p(k) is divided by 9?
4
Suppose 126*h + 69*h - 39*h - 24960 = 0. Calculate the remainder when 8319 is divided by h.
159
Let f(b) = -5*b - 21. Let l be 24/(-10)*1/(15/(-1150)). Let o = -175 + l. What is the remainder when o is divided by f(-6)?
0
Let h(b) = -b**3 + 2*b**2 + b. Let m(j) = -4*j**3 - 4*j**2 - 2*j + 2. Let u be (-96)/60 - 4/10. Calculate the remainder when h(-3) is divided by m(u).
20
Let u(i) = -i**2 - 12*i - 7. Let a(q) = 30*q**2 - 7*q + 8. Let c be a(1). Let j(g) = -3*g**2 + 95*g + 21. Calculate the remainder when j(c) is divided by u(-6).
25
Let b = -17 - -19. Suppose b*n + 6*c = 5*c + 91, -3*n - 5*c = -133. Let i(y) = -y**2 + 14*y - 16. Calculate the remainder when n is divided by i(12).
6
Suppose -4*q - 22 = -i, 5*i + 18*q - 46 = 22*q. Calculate the remainder when 1152 is divided by ((-55)/i)/((-66)/396).
52
Let d be (-13)/(-2*(-4)/(-8))*1. Suppose 7*k - d*k + 246 = 0. Calculate the remainder when k is divided by ((-39)/6 + 0)*-2.
2
Suppose 3*k + 2678 = 7*k + 3*c, 2*k - 1342 = -2*c. Calculate the remainder when k is divided by 162.
17
Let z(d) = -2*d**2 - 8*d + 175. Let x be z(8). What is the remainder when 191 is divided by x/((-5)/(-30)*-2)?
38
Suppose -p + 19 = u, -3*p - 306*u + 57 = -309*u. What is the remainder when p is divided by 4/6 + 80/6?
5
Let h(j) = 5*j**2 + 119*j + 232. What is the remainder when h(-22) is divided by (4 + -1 - 4) + 17?
2
What is the remainder when (4 + -6)/((-5)/260) is divided by 18?
14
Let k be (4806/(-135))/(1 - 6/5). Let b = k - -159. Suppose -b = -11*y + 587. What is the remainder when y is divided by 29?
26
Suppose -5*z + 0*y - 3*y = 1368, 3*z - 2*y + 836 = 0. Let t = -248 - z. Calculate the remainder when 307 is divided by t.
27
Let g(t) = t**3 - 3*t**2 - 10*t - 23. Let y be g(6). Let n = 80 + -47. Calculate the remainder when ((-80)/y)/((-5)/(50*2)) is divided by n.
31
Suppose 0 = 9*r + r - 50. Suppose f = r*f - 1248. What is the remainder when 80 is divided by 6/4*f/18 - -1?
26
Let g = -142 + 205. Let i = 74 - 62. What is the remainder when g is divided by i?
3
Let v = 145 + -99. Suppose -47*d + v*d = 4. Let s(o) = -6*o - 4. Calculate the remainder when 57 is divided by s(d).
17
Let o = 72 + 376. Suppose -o = -5*q - 2*q. Calculate the remainder when q is divided by 5.
4
Calculate the remainder when 672 is divided by 7 - (2718/(-14) - (9 - 1344/147)).
69
Suppose -58*i + 175714 = 96*i. What is the remainder when i is divided by 143?
140
Let v(t) = 3*t**2 + 8*t + 3. Let u be v(-2). Calculate the remainder when 9 + -6 + (-57 - -1)*u is divided by 29.
1
Let p(n) = 109*n - 68. Let d be p(8). Let z = d + -713. What is the remainder when z is divided by 40?
11
Let h = -57 - -166. Suppose -4*s + h = -123. Suppose 231 - 236 = -w, 680 = 3*b - 2*w. Calculate the remainder when b is divided by s.
56
Suppose m - 675 = -m - u, 2*m + 4*u = 690. Suppose 636*t - 641*t = -m. What is the remainder when t is divided by 45?
22
Suppose -172*t + 82*t + 195 = -77*t. Calculate the remainder when 269 is divided by t.
14
Let y(w) = -w**2 + 67*w + 3881. Suppose -2*q + 11 = -q. What is the remainder when y(-36) is divided by q?
8
Suppose 5*m = 11*i - 6*i + 35, 4*i = -4*m - 4. Suppose 3*z = 0, 2*v - 5*z + m - 7 = 0. Calculate the remainder when 9 is divided by v.
1
Calculate the remainder when 319 is divided by 77 - (-2 + 21/28*-8).
64
Let w be 5 + -1 - (-3 + 1). Calculate the remainder when 65 - (-3)/w*-2 is divided by 1*(-22)/4*(-1034)/517.
9
Let l = -1 - -9. Suppose 7*d + l = -6. What is the remainder when 0/2 - ((-48)/(-2))/d is divided by 6?
0
Let k be (6/21)/(-1) - 18732/(-49). Suppose 5*p + y - k = 0, 0*p - 243 = -3*p + 4*y. What is the remainder when p is divided by ((-676)/(-39))/((-4)/(-6))?
25
Let g(t) = 6*t**2 - 22*t - 17. Let i(k) = k**3 - 8*k**2 - 2*k + 22. Let d be i(8). What is the remainder when 129 is divided by g(d)?
62
Suppose 0*d - 30 = -4*d - 5*c, -3*c + 1 = -d. Let u(k) = -3*k + 31. Calculate the remainder when 381 is divided by u(d).
13
Suppose 3*t - 630 = -5*f - 2*t, -t + 626 = 5*f. Suppose 3*u = 8*u - f. Suppose 3*v - 12 = 15. Calculate the remainder when u is divided by v.
7
Let p be 210300/48 - (-3)/4. Calculate the remainder when -3*(-6)/81 + p/126 is divided by 13.
9
Let x(q) = 50*q + 613. What is the remainder when 125 is divided by x(-10)?
12
Suppose 3*w - 1062 = -128*b + 123*b, 1066 = 5*b - w. What is the remainder when 400 is divided by b?
187
Suppose -4*w + 29*a = 27*a - 5550, 4173 = 3*w - 5*a. What is the remainder when w is divided by 176?
154
Suppose 25*m - 3*m = 66. Suppose m*u - 27 = 30. Calculate the remainder when 63 is divided by u.
6
Let w be (-1)/(-2)*(-4)/8*-4. Let j = 83 + w. Calculate the remainder when j is divided by 23.
15
Calculate the remainder when 3 - (32/8 - 37) is divided by 11.
3
Let x(c) = -c**3 - 6*c**2 - 6*c. Suppose -3*f = w + 12, -3*w = f - 6*w + 14. Suppose 0 = 11*l - 16*l + 65. What is the remainder when l is divided by x(f)?
3
Let j(m) = -10*m**3. Let g be j(-1). Suppose g*n = 6*n. Let p(s) = 2*s**2 + 21. What is the remainder when 80 is divided by p(n)?
17
Let c(p) be the first derivative of p**3/3 + 12*p**2 + 35*p + 58. What is the remainder when c(-27) is divided by 20?
16
Calculate the remainder when -8 - (-229 + -15) - -14 is divided by 198.
52
Suppose 3*w - 1 = 2*n - 2*w, -w + 29 = 2*n. Let l(f) = 2*f**2 - 22*f + 54. What is the remainder when l(n) is divided by 43?
35
Suppose -4*s = -3*g - 4405, -368*g + 367*g - 5509 = -5*s. What is the remainder when s is divided by 85?
82
Let t(y) = -y**3 + 2*y**2 + 2*y - 1. Let s be t(2). Let m be 218 + 3*2/(5 + 1). Suppose -s*c = m - 975. What is the remainder when c is divided by 51?
48
Let j = 202 - 172. Suppose 0 = -4*h + 4*n + 124, -h - 2*n = -44 + 1. Calculate the remainder when j is divided by (-7)/h + (-56)/(-5).
8
Suppose -37 + 1204 = 9*k - 75. What is the remainder when 3030 is divided by k?
132
Let q(d) = 50*d**2 + 70*d + 19. What is the remainder when q(-4) is divided by 102?
29
Let d(u) = -u**3 - 6*u**2 - 3*u + 10. Let g be (-15)/9 + ((-20)/15 - -2). Calculate the remainder when d(-7) is divided by g + 4 + (2 - -16).
17
Let r = -74 + 93. Let s(u) = 16*u - 202. Calculate the remainder when s(r) is divided by 23.
10
Suppose -115 = -4*z - 2*f + 331, z + f - 113 = 0. Calculate the remainder when 1427 is divided by z.
107
Let s = 382 - 226. What is the remainder when s is divided by 132?
24
Let k be 15/9*(0 - (-6)/5). Suppose -k*y - 7*y + 72 = 0. Suppose 2*t + 48 = y*t. What is the remainder when 24 is divided by t?
0
Suppose 98*m - 91*m = 3829. Suppose m*l + 140 = 557*l. What is the remainder when 544 is divided by l?
12
Let g(c) = -11*c. Let a be g(-7). Suppose p - a = -28. Calculate the remainder when 292 is divided by p.
47
Suppose 8 = -j - 3*r + r, -4*r - 14 = 3*j. Suppose j*a + 18 = 11*a. Suppose s = 2*s - 1, -4*x - a*s + 330 = 0. What is the remainder when x is divided by 28?
26
Suppose -4*x + 21 = 9. Suppose 6*c = -x*c + 324. Calculate the remainder when 107 is divided by c.
35
Suppose -d = -4*f + 2*f + 587, -2*d = -f + 292. Let j = -208 + f. Calculate the remainder when j is divided by 45.
41
Suppose -3*g = -o, 5*g = -0*o + 2*o - 1. Let m = g + 25. Let u = m - 12. Calculate the remainder when 51 is divided by u.
9
Let c(f) = 3*f**3 - 313*f**2 - 213*f + 364. Calculate the remainder when 31162 is divided by c(105).
47
Let b = -2156 - -2272. What is the remainder when 256 is divided by b?
24
Let b(o) = 14*o + 541. Calculate the remainder when b(-27) is divided by 14.
9
What is the remainder when (-2*(8 + -6))/((-6)/10599) is divided by 34?
28
Suppose 38*n - 11836 = 10698. Calculate the remainder when n is divided by 43.
34
Let b(l) = l**3 - 10*l**2 + 7*l + 19. Suppose -4*p = -4*d - 28, d - 2 = -0. Let z be b(p). Calculate the remainder when z/(-4 + 3) - -94 is divided by 12.
9
Let s(g) = 13*g. What is the remainder when 14/9 + 48/(-36) - (-3005)/45 is divided by s(1)?
2
Let c(r) = 238*r + 1377. What is the remainder when c(29) is divided by 9?
8
What is the remainder when (-29)/((-232)/72) - -399 is divided by 407?
1
Suppose 13*i + 440 = 21*i. Calculate the remainder when i is divided by (-2)/(-2*(-3)/(-42)).
13
Suppose 5*g - 38 = -2*p, 10 = 5*g + p - 6*p. Let y(s) 